{"id":97,"date":"2017-03-11T22:34:22","date_gmt":"2017-03-11T22:34:22","guid":{"rendered":"http:\/\/wordpress.pierre-dietz.de\/?page_id=97"},"modified":"2017-03-26T16:52:58","modified_gmt":"2017-03-26T16:52:58","slug":"briefe-aus-der-deportation","status":"publish","type":"page","link":"http:\/\/wordpress.pierre-dietz.de\/?page_id=97","title":{"rendered":"\u00bbBriefe aus der Deportation\u00ab"},"content":{"rendered":"<p><strong>Franz\u00f6sischer Widerstand<\/strong><br \/>\n<strong>und der Weg nach Auschwitz<\/strong><\/p>\n<p><a href=\"http:\/\/wordpress.pierre-dietz.de\/wp-content\/uploads\/2017\/03\/Briefe-Deportation-Titel_400.jpg\"><img loading=\"lazy\" decoding=\"async\" class=\"alignnone size-full wp-image-91\" src=\"http:\/\/wordpress.pierre-dietz.de\/wp-content\/uploads\/2017\/03\/Briefe-Deportation-Titel_400.jpg\" alt=\"\" width=\"266\" height=\"400\" srcset=\"http:\/\/wordpress.pierre-dietz.de\/wp-content\/uploads\/2017\/03\/Briefe-Deportation-Titel_400.jpg 266w, http:\/\/wordpress.pierre-dietz.de\/wp-content\/uploads\/2017\/03\/Briefe-Deportation-Titel_400-200x300.jpg 200w\" sizes=\"auto, (max-width: 266px) 85vw, 266px\" \/><\/a><\/p>\n<p><a href=\"http:\/\/www.pierre-dietz.de\/buchtrailer.html\" target=\"_blank\">Trailer zum Buch<\/a><\/p>\n<p>Umfang: 304 Seiten<br \/>\nAutor: Pierre Dietz (Texte, Grafiken und Fotografien)<br \/>\nVerlag: Edition AV<br \/>\nISBN: 978-3-86841-042-6<br \/>\nPreis: 16,00 \u20ac<br \/>\nmit einem Vorwort von Ren\u00e9 Louis Besse<br \/>\nund Zeichnungen von Auguste Favier (\u20201951)<br \/>\nund Pierre Mania<br \/>\nmit Beitr\u00e4gen von Dieter Rieke (\u20202009), Flor\u00e9al Barrier (\u20202015), Ren\u00e9 Louis Besse, Robert Favier und Serge Cocagne (\u20202010)<\/p>\n<p><strong>William Letourneur<\/strong>, *1898 \u2013 \u20201973,<\/p>\n<p>Er ist Lederfacharbeiter in einem Vorort von Rouen in der Normandie. Nach dem Einmarsch deutscher Truppen schlie\u00dft er sich der kommunistischen Widerstandsgruppe \u201eFront National&#8220; an. Von einem Nachbarn denunziert, ger\u00e4t er in die M\u00fchlen der Gestapo und wird \u00fcber Compi\u00e8gne nach Buchenwald, Lublin und Auschwitz deportiert. Vom Tag seiner Verhaftung bis zur Evakuation aus Lublin, nutzt er jede Gelegenheit heimlich und offiziell Briefe an seine Frau H\u00e9l\u00e8ne zu senden.<\/p>\n<p>Briefe in dieser F\u00fclle und \u00fcber einen solch langen Zeitraum sind eine historische Rarit\u00e4t. Offiziell durften Briefe zwar geschrieben werden, wurden aber zensiert und gelegentlich willk\u00fcrlich vernichtet.<\/p>\n<p>Zahlreiche Abbildungen, Zeugenaussagen<br \/>\nund Eckpunkte der Geschichte.<\/p>\n<p><img loading=\"lazy\" decoding=\"async\" class=\"alignnone size-full wp-image-92\" src=\"http:\/\/wordpress.pierre-dietz.de\/wp-content\/uploads\/2017\/03\/mania_dans_le_wagon_160.jpg\" alt=\"\" width=\"160\" height=\"232\" \/><br \/>\n<em>Pierre Mania: Dans le wagon<\/em><\/p>\n<p><strong>Stimmen zum Buch<\/strong><\/p>\n<p><em>\u201eDidaktisch Wertvoll.\u201c<\/em> Rosa-Luxemburg-Stiftung<\/p>\n<p><em>\u201eEinzigartige Quellen aus den Lagern.\u201c<\/em> R\u00fcsselsheimer Echo<\/p>\n<p>\u201e<em>Briefe aus der H\u00f6lle.<\/em>\u201c Frankfurter Rundschau<\/p>\n<p><em>\u201eDie Briefe bewegen, lassen einen nicht mehr los, und machen die Lekt\u00fcre des Buchs so reizvoll.\u201c<\/em> hr4<\/p>\n<p>\u201e<em>Gew\u00fcrzt mit Zeitdokumenten, Kalenderbl\u00e4ttern und zeitgen\u00f6ssischen Witzen wird ein Bild der Zeit gezeichnet, das Opfer und T\u00e4ter gleichermassen beleuchtet.<\/em>\u201c Main-Spitze<\/p>\n<p><em>\u201e&#8230; hebt sich sehr ab, aus dem Wust aus Papier, der hier [auf der Frankfurter Buchmesse 2010] vorhanden ist.<\/em>\u201c Literadio<\/p>\n","protected":false},"excerpt":{"rendered":"<p>Franz\u00f6sischer Widerstand und der Weg nach Auschwitz Trailer zum Buch Umfang: 304 Seiten Autor: Pierre Dietz (Texte, Grafiken und Fotografien) Verlag: Edition AV ISBN: 978-3-86841-042-6 Preis: 16,00 \u20ac mit einem Vorwort von Ren\u00e9 Louis Besse und Zeichnungen von Auguste Favier (\u20201951) und Pierre Mania mit Beitr\u00e4gen von Dieter Rieke (\u20202009), Flor\u00e9al Barrier (\u20202015), Ren\u00e9 Louis &hellip; <a href=\"http:\/\/wordpress.pierre-dietz.de\/?page_id=97\" class=\"more-link\"><span class=\"screen-reader-text\">\u201e\u00bbBriefe aus der Deportation\u00ab\u201c<\/span> weiterlesen<\/a><\/p>\n","protected":false},"author":1,"featured_media":0,"parent":0,"menu_order":0,"comment_status":"closed","ping_status":"closed","template":"","meta":{"footnotes":""},"class_list":["post-97","page","type-page","status-publish","hentry"],"_links":{"self":[{"href":"http:\/\/wordpress.pierre-dietz.de\/index.php?rest_route=\/wp\/v2\/pages\/97","targetHints":{"allow":["GET"]}}],"collection":[{"href":"http:\/\/wordpress.pierre-dietz.de\/index.php?rest_route=\/wp\/v2\/pages"}],"about":[{"href":"http:\/\/wordpress.pierre-dietz.de\/index.php?rest_route=\/wp\/v2\/types\/page"}],"author":[{"embeddable":true,"href":"http:\/\/wordpress.pierre-dietz.de\/index.php?rest_route=\/wp\/v2\/users\/1"}],"replies":[{"embeddable":true,"href":"http:\/\/wordpress.pierre-dietz.de\/index.php?rest_route=%2Fwp%2Fv2%2Fcomments&post=97"}],"version-history":[{"count":4,"href":"http:\/\/wordpress.pierre-dietz.de\/index.php?rest_route=\/wp\/v2\/pages\/97\/revisions"}],"predecessor-version":[{"id":182,"href":"http:\/\/wordpress.pierre-dietz.de\/index.php?rest_route=\/wp\/v2\/pages\/97\/revisions\/182"}],"wp:attachment":[{"href":"http:\/\/wordpress.pierre-dietz.de\/index.php?rest_route=%2Fwp%2Fv2%2Fmedia&parent=97"}],"curies":[{"name":"wp","href":"https:\/\/api.w.org\/{rel}","templated":true}]}}

<p><strong>Französischer Widerstand</strong><br />
<strong>und der Weg nach Auschwitz</strong></p>
<p><a href="http://wordpress.pierre-dietz.de/wp-content/uploads/2017/03/Briefe-Deportation-Titel_400.jpg"><img loading="lazy" decoding="async" class="alignnone size-full wp-image-91" src="http://wordpress.pierre-dietz.de/wp-content/uploads/2017/03/Briefe-Deportation-Titel_400.jpg" alt="" width="266" height="400" srcset="http://wordpress.pierre-dietz.de/wp-content/uploads/2017/03/Briefe-Deportation-Titel_400.jpg 266w, http://wordpress.pierre-dietz.de/wp-content/uploads/2017/03/Briefe-Deportation-Titel_400-200x300.jpg 200w" sizes="auto, (max-width: 266px) 85vw, 266px" /></a></p>
<p><a href="http://www.pierre-dietz.de/buchtrailer.html" target="_blank">Trailer zum Buch</a></p>
<p>Umfang: 304 Seiten<br />
Autor: Pierre Dietz (Texte, Grafiken und Fotografien)<br />
Verlag: Edition AV<br />
ISBN: 978-3-86841-042-6<br />
Preis: 16,00 €<br />
mit einem Vorwort von René Louis Besse<br />
und Zeichnungen von Auguste Favier (†1951)<br />
und Pierre Mania<br />
mit Beiträgen von Dieter Rieke (†2009), Floréal Barrier (†2015), René Louis Besse, Robert Favier und Serge Cocagne (†2010)</p>
<p><strong>William Letourneur</strong>, *1898 – †1973,</p>
<p>Er ist Lederfacharbeiter in einem Vorort von Rouen in der Normandie. Nach dem Einmarsch deutscher Truppen schließt er sich der kommunistischen Widerstandsgruppe „Front National&#8220; an. Von einem Nachbarn denunziert, gerät er in die Mühlen der Gestapo und wird über Compiègne nach Buchenwald, Lublin und Auschwitz deportiert. Vom Tag seiner Verhaftung bis zur Evakuation aus Lublin, nutzt er jede Gelegenheit heimlich und offiziell Briefe an seine Frau Hélène zu senden.</p>
<p>Briefe in dieser Fülle und über einen solch langen Zeitraum sind eine historische Rarität. Offiziell durften Briefe zwar geschrieben werden, wurden aber zensiert und gelegentlich willkürlich vernichtet.</p>
<p>Zahlreiche Abbildungen, Zeugenaussagen<br />
und Eckpunkte der Geschichte.</p>
<p><img loading="lazy" decoding="async" class="alignnone size-full wp-image-92" src="http://wordpress.pierre-dietz.de/wp-content/uploads/2017/03/mania_dans_le_wagon_160.jpg" alt="" width="160" height="232" /><br />
<em>Pierre Mania: Dans le wagon</em></p>
<p><strong>Stimmen zum Buch</strong></p>
<p><em>„Didaktisch Wertvoll.“</em> Rosa-Luxemburg-Stiftung</p>
<p><em>„Einzigartige Quellen aus den Lagern.“</em> Rüsselsheimer Echo</p>
<p>„<em>Briefe aus der Hölle.</em>“ Frankfurter Rundschau</p>
<p><em>„Die Briefe bewegen, lassen einen nicht mehr los, und machen die Lektüre des Buchs so reizvoll.“</em> hr4</p>
<p>„<em>Gewürzt mit Zeitdokumenten, Kalenderblättern und zeitgenössischen Witzen wird ein Bild der Zeit gezeichnet, das Opfer und Täter gleichermassen beleuchtet.</em>“ Main-Spitze</p>
<p><em>„&#8230; hebt sich sehr ab, aus dem Wust aus Papier, der hier [auf der Frankfurter Buchmesse 2010] vorhanden ist.</em>“ Literadio</p>

<p>Französischer Widerstand und der Weg nach Auschwitz Trailer zum Buch Umfang: 304 Seiten Autor: Pierre Dietz (Texte, Grafiken und Fotografien) Verlag: Edition AV ISBN: 978-3-86841-042-6 Preis: 16,00 € mit einem Vorwort von René Louis Besse und Zeichnungen von Auguste Favier (†1951) und Pierre Mania mit Beiträgen von Dieter Rieke (†2009), Floréal Barrier (†2015), René Louis &hellip; <a href="http://wordpress.pierre-dietz.de/?page_id=97" class="more-link"><span class="screen-reader-text">„»Briefe aus der Deportation«“</span> weiterlesen</a></p>
