{"id":229,"date":"2018-01-04T09:59:05","date_gmt":"2018-01-04T09:59:05","guid":{"rendered":"http:\/\/wordpress.pierre-dietz.de\/?page_id=229"},"modified":"2018-05-04T15:08:54","modified_gmt":"2018-05-04T15:08:54","slug":"resistance-et-marche-de-la-mort","status":"publish","type":"page","link":"http:\/\/wordpress.pierre-dietz.de\/?page_id=229","title":{"rendered":"\u00ab R\u00e9sistance et marche de la mort \u00bb"},"content":{"rendered":"<p><strong>Paul Le Goupil \u2013 Un Normand dans la touremente Auschwitz, Buchenwald et Langenstein<br \/>\net Pierre Dietz (Co-auteur et mis en page)<\/strong><\/p>\n<p><a href=\"http:\/\/wordpress.pierre-dietz.de\/wp-content\/uploads\/2017\/03\/couve-resistance-et-marche-de-la-mort-vignette.jpg\"><img loading=\"lazy\" decoding=\"async\" class=\"size-medium wp-image-53 alignnone\" src=\"http:\/\/wordpress.pierre-dietz.de\/wp-content\/uploads\/2017\/03\/couve-resistance-et-marche-de-la-mort-vignette-198x300.jpg\" alt=\"\" width=\"198\" height=\"300\" srcset=\"http:\/\/wordpress.pierre-dietz.de\/wp-content\/uploads\/2017\/03\/couve-resistance-et-marche-de-la-mort-vignette-198x300.jpg 198w, http:\/\/wordpress.pierre-dietz.de\/wp-content\/uploads\/2017\/03\/couve-resistance-et-marche-de-la-mort-vignette.jpg 500w\" sizes=\"auto, (max-width: 198px) 85vw, 198px\" \/><\/a><\/p>\n<div id=\"resumeFiche\">\n<div class=\"texte_catalogue\">\n<p>Entr\u00e9 dans la R\u00e9sistance organis\u00e9e en novembre 1942, Paul Le Goupil milite au sein du Front patriotique de la jeunesse, le FPJ, une des organisations coiff\u00e9es par le parti communiste fran\u00e7ais. Nous sommes \u00e0 une \u00e9poque o\u00f9 les volontaires engag\u00e9s dans la lutte clandestine contre l\u2019occupant allemand sont une minorit\u00e9 et o\u00f9 l\u2019on prend donc vite des responsabilit\u00e9s. Distribuant tracts et journaux du parti, il contribue activement \u00e0 la r\u00e9daction et \u00e0 la diffusion de<i> L\u2019Espoir du jeune patriote<\/i> normand et, en 1943, il agit contre le d\u00e9part forc\u00e9 des jeunes vers l\u2019Allemagne dans le cadre du service du travail obligatoire (STO) institu\u00e9 par Vichy. Lorsque Paul Le Goupil est arr\u00eat\u00e9 le 13 octobre 1943, il assume depuis peu la direction du FPJ pour l\u2019ensemble de la Seine-Inf\u00e9rieure.<\/p>\n<p>La capture du jeune r\u00e9sistant est une \u00ab\u2008bonne prise\u2008\u00bb pour la Gestapo de Rouen. Commence pour Paul Le Goupil un v\u00e9ritable chemin de croix qui le conduit, apr\u00e8s six mois terribles au secret dans une cellule de la prison Bonne Nouvelle \u00e0 Rouen, au camp de Compi\u00e8gne-Royallieu (Oise), l\u2019antichambre de la d\u00e9portation. Puis il subit le transport infernal, en wagon de marchandises, vers les camps nazis de Pologne (Auschwitz-Birkenau), puis du centre de l\u2019Allemagne (Buchenwald et ses kommandos Halberstadt et Langenstein-Zwieberge).<\/p>\n<div><i>Dans la collection \u00ab\u2008La R\u00e9sistance en Normandie\u2008\u00bb dirig\u00e9e par G\u00e9rard Fournier\u00a0<\/i><\/div>\n<div><i>La mise en page soign\u00e9e a \u00e9t\u00e9 r\u00e9alis\u00e9e par Pierre Dietz, auteur de <u><span style=\"color: #000080;\">Lettres d&#8217;un ouvrier d\u00e9port\u00e9<\/span><\/u>.<\/i><\/div>\n<\/div>\n<\/div>\n<div id=\"resumeFiche\">\n<p>ISBN : <span id=\"ProduitCodeISBN\">9782847066678<br \/>\n232 pages<br \/>\n24.50 \u20ac<br \/>\n<\/span><\/p>\n<\/div>\n","protected":false},"excerpt":{"rendered":"<p>Paul Le Goupil \u2013 Un Normand dans la touremente Auschwitz, Buchenwald et Langenstein et Pierre Dietz (Co-auteur et mis en page) Entr\u00e9 dans la R\u00e9sistance organis\u00e9e en novembre 1942, Paul Le Goupil milite au sein du Front patriotique de la jeunesse, le FPJ, une des organisations coiff\u00e9es par le parti communiste fran\u00e7ais. Nous sommes \u00e0 &hellip; <a href=\"http:\/\/wordpress.pierre-dietz.de\/?page_id=229\" class=\"more-link\"><span class=\"screen-reader-text\">\u201e\u00ab R\u00e9sistance et marche de la mort \u00bb\u201c<\/span> weiterlesen<\/a><\/p>\n","protected":false},"author":1,"featured_media":0,"parent":0,"menu_order":0,"comment_status":"closed","ping_status":"closed","template":"","meta":{"footnotes":""},"class_list":["post-229","page","type-page","status-publish","hentry"],"_links":{"self":[{"href":"http:\/\/wordpress.pierre-dietz.de\/index.php?rest_route=\/wp\/v2\/pages\/229","targetHints":{"allow":["GET"]}}],"collection":[{"href":"http:\/\/wordpress.pierre-dietz.de\/index.php?rest_route=\/wp\/v2\/pages"}],"about":[{"href":"http:\/\/wordpress.pierre-dietz.de\/index.php?rest_route=\/wp\/v2\/types\/page"}],"author":[{"embeddable":true,"href":"http:\/\/wordpress.pierre-dietz.de\/index.php?rest_route=\/wp\/v2\/users\/1"}],"replies":[{"embeddable":true,"href":"http:\/\/wordpress.pierre-dietz.de\/index.php?rest_route=%2Fwp%2Fv2%2Fcomments&post=229"}],"version-history":[{"count":11,"href":"http:\/\/wordpress.pierre-dietz.de\/index.php?rest_route=\/wp\/v2\/pages\/229\/revisions"}],"predecessor-version":[{"id":266,"href":"http:\/\/wordpress.pierre-dietz.de\/index.php?rest_route=\/wp\/v2\/pages\/229\/revisions\/266"}],"wp:attachment":[{"href":"http:\/\/wordpress.pierre-dietz.de\/index.php?rest_route=%2Fwp%2Fv2%2Fmedia&parent=229"}],"curies":[{"name":"wp","href":"https:\/\/api.w.org\/{rel}","templated":true}]}}

« Résistance et marche de la mort »

<p><strong>Paul Le Goupil – Un Normand dans la touremente Auschwitz, Buchenwald et Langenstein<br />
et Pierre Dietz (Co-auteur et mis en page)</strong></p>
<p><a href="http://wordpress.pierre-dietz.de/wp-content/uploads/2017/03/couve-resistance-et-marche-de-la-mort-vignette.jpg"><img loading="lazy" decoding="async" class="size-medium wp-image-53 alignnone" src="http://wordpress.pierre-dietz.de/wp-content/uploads/2017/03/couve-resistance-et-marche-de-la-mort-vignette-198x300.jpg" alt="" width="198" height="300" srcset="http://wordpress.pierre-dietz.de/wp-content/uploads/2017/03/couve-resistance-et-marche-de-la-mort-vignette-198x300.jpg 198w, http://wordpress.pierre-dietz.de/wp-content/uploads/2017/03/couve-resistance-et-marche-de-la-mort-vignette.jpg 500w" sizes="auto, (max-width: 198px) 85vw, 198px" /></a></p>
<div id="resumeFiche">
<div class="texte_catalogue">
<p>Entré dans la Résistance organisée en novembre 1942, Paul Le Goupil milite au sein du Front patriotique de la jeunesse, le FPJ, une des organisations coiffées par le parti communiste français. Nous sommes à une époque où les volontaires engagés dans la lutte clandestine contre l’occupant allemand sont une minorité et où l’on prend donc vite des responsabilités. Distribuant tracts et journaux du parti, il contribue activement à la rédaction et à la diffusion de<i> L’Espoir du jeune patriote</i> normand et, en 1943, il agit contre le départ forcé des jeunes vers l’Allemagne dans le cadre du service du travail obligatoire (STO) institué par Vichy. Lorsque Paul Le Goupil est arrêté le 13 octobre 1943, il assume depuis peu la direction du FPJ pour l’ensemble de la Seine-Inférieure.</p>
<p>La capture du jeune résistant est une « bonne prise » pour la Gestapo de Rouen. Commence pour Paul Le Goupil un véritable chemin de croix qui le conduit, après six mois terribles au secret dans une cellule de la prison Bonne Nouvelle à Rouen, au camp de Compiègne-Royallieu (Oise), l’antichambre de la déportation. Puis il subit le transport infernal, en wagon de marchandises, vers les camps nazis de Pologne (Auschwitz-Birkenau), puis du centre de l’Allemagne (Buchenwald et ses kommandos Halberstadt et Langenstein-Zwieberge).</p>
<div><i>Dans la collection « La Résistance en Normandie » dirigée par Gérard Fournier </i></div>
<div><i>La mise en page soignée a été réalisée par Pierre Dietz, auteur de <u><span style="color: #000080;">Lettres d&#8217;un ouvrier déporté</span></u>.</i></div>
</div>
</div>
<div id="resumeFiche">
<p>ISBN : <span id="ProduitCodeISBN">9782847066678<br />
232 pages<br />
24.50 €<br />
</span></p>
</div>

<p>Paul Le Goupil – Un Normand dans la touremente Auschwitz, Buchenwald et Langenstein et Pierre Dietz (Co-auteur et mis en page) Entré dans la Résistance organisée en novembre 1942, Paul Le Goupil milite au sein du Front patriotique de la jeunesse, le FPJ, une des organisations coiffées par le parti communiste français. Nous sommes à &hellip; <a href="http://wordpress.pierre-dietz.de/?page_id=229" class="more-link"><span class="screen-reader-text">„« Résistance et marche de la mort »“</span> weiterlesen</a></p>
